u, -2*u = -8. Suppose -2*x = w - 87. Suppose -3*b = 784 - 895. What is the greatest common divisor of x and b?
37
Let o be 175/7 + -1 - 7. Suppose -o*k - 714 = -4692. Calculate the greatest common divisor of 52 and k.
26
Let y(u) = -u**3 + 16*u**2 - 20*u - 120. Let q be y(14). Let n be 24/q + 3 + 375. What is the greatest common divisor of n and 15?
15
Let k = 674 - 437. Let r = 305 - k. What is the greatest common factor of r and 51?
17
Let h(a) = 2. Let u(w) = -102*w + 9. Let z(t) = 2*h(t) + u(t). Let r = -16 + 13. Let g be z(r). Calculate the greatest common divisor of g and 29.
29
Suppose -8 = -4*z + 20. Let x(a) = -11 - 3*a**2 - 3 + 25*a + 6 + 7. Let q be x(z). Calculate the highest common factor of 108 and q.
27
Let z be (3/9)/((-7)/(-63)). Suppose -d + z*k = -21, -d + 7 = -0*k + 4*k. Calculate the greatest common factor of d and 75.
15
Let i(f) = -45*f**3 - 1. Let j be i(-1). Let u(v) = -7*v + 17*v - 48*v - 143 - 7*v. Let p be u(-11). Calculate the greatest common factor of p and j.
44
Let m be (2*-3)/2 + (-376)/(-4). Let f be 20/(-30) - (-22)/6. Suppose -f*y + 7 = l, -l + 9 = -0*y + 2*y. What is the highest common factor of m and l?
13
Let h(u) = u**2 + 4*u + 9. Let b be h(-8). Suppose -4*k = 3*f - b, f + 1 = -4*k + 20. Let x = -4532 + 4620. Calculate the highest common factor of x and f.
11
Let g be (-6 - 85/(-10))*1*2. Suppose -8*v + g = -7*v. Suppose -v*z + 15 = 5. Calculate the highest common divisor of 16 and z.
2
Suppose 2 - 193 = -g. Suppose 33 + g = 4*z. Suppose i = -i + z. Calculate the greatest common divisor of 14 and i.
14
Let u = 2804 + -2509. What is the greatest common divisor of u and 245?
5
Let m = 399 - 373. Suppose m*a - 26 = 338. Calculate the greatest common divisor of 2 and a.
2
Let m(v) = -499 + v - 5*v + 483. Let w be m(-18). What is the greatest common factor of 7 and w?
7
Let i(u) = -u**2 + 10*u - 21. Let k(m) = 5*m - 19. Let h be k(5). Let o be i(h). Suppose -55 - 215 = -o*f. What is the greatest common factor of f and 10?
10
Let v be (128/24 + 11)*6. Suppose -5*q = -z + 45, 3*z - 195 = -2*q + 5*q. What is the highest common factor of v and z?
14
Let r = 4 + 24. Let t(d) = -5*d - 43. Let q(c) = 10*c + 88. Let m(l) = -6*q(l) - 13*t(l). Let i be m(-2). What is the highest common divisor of r and i?
7
Let m(w) = 4*w**2 + 47*w - 11. Let g be m(-22). Let b = 898 - g. Let a be 2/8 - (-390)/8. Calculate the greatest common divisor of a and b.
7
Let h = 8 - 3. Let d(k) = k**3 - 8*k**2 + k - 6. Let w be d(8). Suppose -w*s + 55 = 3*s + h*c, -4*s - 5*c = -49. What is the highest common factor of 6 and s?
6
Suppose -2*m + 336 = -3*d, 23*m - 24*m = -d - 166. What is the greatest common divisor of m and 32?
2
Suppose 5*p = 8*p - 39. Suppose 8*y = -51 - p. Let i(x) = -x**3 - 8*x**2 - 8*x - 9. Let n be i(y). What is the greatest common divisor of n and 5?
5
Let c = 8405 + -8368. Calculate the greatest common divisor of c and 7141.
37
Let z be (-3 + 4)/(0 + 1/(-97)). Let r = z - -93. Let m be r + -4*34/(-4). Calculate the greatest common divisor of m and 45.
15
Let y(s) = 3*s**3 - 46*s**2 + 17*s + 47. Let v = -347 - -362. Let c be y(v). What is the greatest common factor of 121 and c?
11
Suppose 9*j - 7*j = 6. Let h be (272 + j)*(-4)/(-10). Suppose -20 = 5*b - h. What is the greatest common factor of b and 9?
9
Suppose -129 = -t - 96. Let c = t + 143. Suppose -s = -0*s - 16. What is the greatest common factor of c and s?
16
Let n be (25 - (-18)/(-2))*(-2)/4. Let o(g) = -2*g + 65. Let h be o(n). What is the highest common divisor of h and 27?
27
Let h(o) = -2*o**3 + 9*o**2 + 12*o + 19. Let g be h(-5). Suppose m - 20 = -3*c, 3*c - 6*c = -6. Calculate the highest common factor of m and g.
14
Let m(y) be the third derivative of 4/3*y**3 - 23*y**2 + 0 + 0*y - 7/24*y**4. Let w be m(-2). What is the greatest common divisor of w and 66?
22
Let k = -19537 - -19731. What is the highest common factor of k and 4171?
97
Suppose 16*z - 57 + 9 = 0. Let y be (z - 1) + 1044/58. Calculate the greatest common factor of y and 85.
5
Suppose 218 = 2*a - 4*u, -3*a = -a + 3*u - 204. Let s be 12 + (-114)/(-5)*5. Calculate the greatest common divisor of a and s.
21
Suppose -3*v = -5*q + 1310, 12*v - 274 = -q + 15*v. Let x be ((-33)/3 + 48)/(1/2). Calculate the highest common divisor of q and x.
37
Suppose 13511 + 489 = 3*d + 5*d. Calculate the greatest common factor of d and 28.
14
Let w be ((-1)/(-2))/(14/84). Suppose 0 = -w*f - 0*f - 4*y + 48, -3*y - 3 = -f. Suppose 192 = -8*n + f*n. Calculate the highest common factor of n and 36.
12
Let m = -2 + 20. Let o be 1/(1/24) + 3*46/(-69). Calculate the highest common factor of o and m.
2
Suppose 0 = 14209*n - 14185*n - 864. Suppose -5*g + 32 + 148 = 0. Calculate the highest common divisor of g and n.
36
Let c be 20/(-4)*24/40*-1. Let q be (-8)/c*(-216)/96 + 13. Let s(k) = k**3 - 2*k**2 - 7*k - 2. Let n be s(5). Calculate the highest common divisor of n and q.
19
Let d(u) = -u**3 + 11*u**2 - 11*u - 1. Let v be d(9). Suppose 8*q = 480 + 32. Let g = q + 29. What is the greatest common divisor of v and g?
31
Let d be (-4)/72*-8859 - (0 - 75/90). Calculate the greatest common divisor of 1394 and d.
17
Let n be (-15 - -70)*4/(2/(-2)). Let w = n + 280. What is the greatest common factor of w and 30?
30
Let j = 7529 + -7511. What is the highest common divisor of 298 and j?
2
Let a(s) = -5*s - 135. Let v(i) = -2*i + 136. Let m(l) = 3*a(l) + 2*v(l). Let w be m(-19). What is the greatest common divisor of 95 and w?
19
Let o = 164 + 25. Suppose j - o = -6*j. Suppose -2*s + j = -11. Calculate the highest common factor of s and 152.
19
Let k = -76 + 85. Suppose -m + 15 - 15 = 0. Suppose m = c - 72. What is the highest common divisor of k and c?
9
Suppose -729*j + 731*j - 5*b - 134 = 0, j + 2*b - 76 = 0. What is the highest common divisor of 27 and j?
9
Let t = 246 - 239. Let j(d) = d**3 - 5*d**2 + 20*d + 14. Let m be j(t). What is the greatest common factor of m and 36?
36
Let h be 343/(-7546) - 1806/(-44). Let i = -63 - -391. Calculate the greatest common divisor of h and i.
41
Suppose -62*i + 151 = -4065. Calculate the greatest common divisor of 1190 and i.
34
Let f(c) = 4*c**2 + 17*c - 33. Let q(b) = b**2 - 2*b. Let u(v) = -f(v) + 3*q(v). Let g be u(-23). What is the highest common divisor of g and 11?
11
Let j be (8 - 31)/((-4)/(-12)). Let g = -59 - j. Calculate the greatest common factor of g and 5.
5
Suppose 41*k - 39*k + 128 = 0. Let x be (-416)/(-18)*(-48)/k*57. Calculate the highest common factor of x and 52.
52
Suppose -4*n + 12 = 0, 3*n - 5*n - 22 = -4*b. Suppose -v + m = -4, v - 2*m = -0*v + 8. Suppose v = -10*r + 70. Calculate the highest common factor of r and b.
7
Let i(f) = -13*f - 77. Let n(g) = 7*g + 113. Let p be n(-17). Let s be i(p). Suppose 15*m - 10 = 13*m. Calculate the highest common divisor of m and s.
1
Let y = -96 + 103. Let p be (y - -19 - -2)*2. Suppose -95 = -4*g + 17. What is the highest common divisor of g and p?
28
Suppose -8484 = -32*q - 1988. Calculate the highest common divisor of q and 522.
29
Suppose 5*y - 4*a = 6*y - 28, -5*a = -5*y + 190. What is the highest common divisor of 90 and y?
18
Suppose -305*q = -280*q - 150. Let s(x) = 74*x**3 + x. Let h be s(1). Calculate the greatest common factor of h and q.
3
Let c(y) = 1186*y - 4308. Let r be c(8). What is the greatest common factor of r and 50?
10
Suppose 120*j - 96*j + 58905 = 75*j. Calculate the highest common divisor of 11 and j.
11
Let d = 15103 + -14873. What is the highest common divisor of d and 1250?
10
Let g(b) = 59*b**2 - 14*b + 79. Let v be g(4). Let f = -666 + v. Calculate the highest common factor of 43 and f.
43
Let r = 2220 - -13180. What is the highest common factor of 70 and r?
70
Let u(y) = -106*y - 86. Suppose 12 = -x + 4*w, 0 = x - 4*x + 2*w - 16. Let p be u(x). Calculate the greatest common factor of 52 and p.
26
Suppose 200*p - 64 - 114 = 222. Let q be 1*1/((-1)/(-5)). Suppose p*x + 2*x + 3*o = 63, q*o = 3*x - 40. Calculate the highest common divisor of x and 25.
5
Let n(f) = -f**3 + 11*f**2 - 10*f - 2. Let p be n(8). Suppose 0*o + d = o - 76, -o = d - 66. Let q = o + -61. What is the highest common factor of q and p?
10
Suppose 5903 - 480 = 4*s + 3*h, -3*s - h + 4061 = 0. Calculate the greatest common